{"id":386,"date":"2024-06-24T18:23:22","date_gmt":"2024-06-24T18:23:22","guid":{"rendered":"https:\/\/jatoba.ind.br\/?post_type=product&#038;p=386"},"modified":"2024-06-24T18:46:47","modified_gmt":"2024-06-24T18:46:47","slug":"vitamina-k2-60-capsulas","status":"publish","type":"product","link":"https:\/\/jatoba.ind.br\/?product=vitamina-k2-60-capsulas","title":{"rendered":"Vitamina K2 60 C\u00e1psulas"},"content":{"rendered":"<div id=\"product-wrapper\" class=\"product-wrapper\">\n<div class=\"product-tabs\">\n<div class=\"tabs-content\">\n<div id=\"descricao\" class=\"tab rte description-ab active\">\n<p>A Vitamina K, especialmente a forma conhecida como Menaquinona-7 (MK-7), \u00e9 uma vitamina sol\u00favel em gordura que tem ganhado destaque na comunidade de sa\u00fade devido aos seus not\u00e1veis benef\u00edcios. Esta forma particular de vitamina K \u00e9 derivada de fontes naturais, como fermenta\u00e7\u00e3o bacteriana, e tem sido utilizada em suplementos alimentares com prop\u00f3sitos espec\u00edficos para a sa\u00fade. Abaixo est\u00e3o alguns dos benef\u00edcios da ingest\u00e3o oral de vitamina K (MK-7):<\/p>\n<p>1. Sa\u00fade \u00d3ssea:<br \/>\nA vitamina K, especialmente a forma MK-7, \u00e9 essencial para a sa\u00fade \u00f3ssea. Ela regula o metabolismo do c\u00e1lcio no organismo, ajudando a manter os ossos fortes e prevenindo a calcifica\u00e7\u00e3o inadequada dos tecidos moles. A suplementa\u00e7\u00e3o com MK-7 tem sido associada a uma menor perda \u00f3ssea e a uma redu\u00e7\u00e3o do risco de fraturas, especialmente em pessoas mais velhas.<\/p>\n<p>2. Cardiovascular:<br \/>\nEstudos mostram que a vitamina K desempenha um papel vital na sa\u00fade cardiovascular. A MK-7 contribui para a preven\u00e7\u00e3o da calcifica\u00e7\u00e3o das art\u00e9rias, o que \u00e9 um fator de risco para doen\u00e7as card\u00edacas. Ao manter as art\u00e9rias flex\u00edveis e livres de dep\u00f3sitos de c\u00e1lcio, a MK-7 apoia a sa\u00fade do cora\u00e7\u00e3o e a circula\u00e7\u00e3o sangu\u00ednea adequada.<\/p>\n<p>3. Sa\u00fade Cerebral:<br \/>\nH\u00e1 evid\u00eancias de que a vitamina K, incluindo a forma MK-7, pode desempenhar um papel na prote\u00e7\u00e3o das c\u00e9lulas cerebrais. Al\u00e9m disso, a vitamina K pode ajudar a reduzir o risco de desenvolver doen\u00e7as neurodegenerativas, como a doen\u00e7a de Alzheimer.<\/p>\n<p>4. Sa\u00fade das Articula\u00e7\u00f5es:<br \/>\nA vitamina K est\u00e1 envolvida na regula\u00e7\u00e3o das enzimas que quebram as prote\u00ednas que causam a degenera\u00e7\u00e3o da cartilagem articular. A suplementa\u00e7\u00e3o com MK-7 pode ajudar a melhorar a sa\u00fade das articula\u00e7\u00f5es e a prevenir doen\u00e7as como a osteoartrite.<\/p>\n<p>Recomenda\u00e7\u00f5es:<\/p>\n<p>Este produto n\u00e3o \u00e9 um medicamento.<\/p>\n<p>Este produto \u00e9 um suplemento alimentar.<\/p>\n<p>Recomenda\u00e7\u00e3o acima de 18 anos ou por recomenda\u00e7\u00e3o m\u00e9dica.<\/p>\n<p>Deve ser mantido fora do alcance de crian\u00e7as e animais .<\/p>\n<\/div>\n<\/div>\n<\/div>\n<\/div>\n<div class=\"section-product-related\">\n<div class=\"container\">\n<div class=\"section-header\"><\/div>\n<\/div>\n<\/div>\n","protected":false},"excerpt":{"rendered":"<p>A Vitamina K, especialmente a forma conhecida como Menaquinona-7 (MK-7), \u00e9 uma vitamina sol\u00favel em gordura que tem ganhado destaque na comunidade de sa\u00fade devido aos<span class=\"excerpt-hellip\"> [\u2026]<\/span><\/p>\n","protected":false},"featured_media":419,"comment_status":"open","ping_status":"closed","template":"","meta":[],"product_brand":[],"product_cat":[15],"product_tag":[],"class_list":{"0":"post-386","1":"product","2":"type-product","3":"status-publish","4":"has-post-thumbnail","6":"product_cat-sem-categoria","8":"first","9":"instock","10":"shipping-taxable","11":"product-type-simple"},"_links":{"self":[{"href":"https:\/\/jatoba.ind.br\/index.php?rest_route=\/wp\/v2\/product\/386","targetHints":{"allow":["GET"]}}],"collection":[{"href":"https:\/\/jatoba.ind.br\/index.php?rest_route=\/wp\/v2\/product"}],"about":[{"href":"https:\/\/jatoba.ind.br\/index.php?rest_route=\/wp\/v2\/types\/product"}],"replies":[{"embeddable":true,"href":"https:\/\/jatoba.ind.br\/index.php?rest_route=%2Fwp%2Fv2%2Fcomments&post=386"}],"version-history":[{"count":1,"href":"https:\/\/jatoba.ind.br\/index.php?rest_route=\/wp\/v2\/product\/386\/revisions"}],"predecessor-version":[{"id":411,"href":"https:\/\/jatoba.ind.br\/index.php?rest_route=\/wp\/v2\/product\/386\/revisions\/411"}],"wp:featuredmedia":[{"embeddable":true,"href":"https:\/\/jatoba.ind.br\/index.php?rest_route=\/wp\/v2\/media\/419"}],"wp:attachment":[{"href":"https:\/\/jatoba.ind.br\/index.php?rest_route=%2Fwp%2Fv2%2Fmedia&parent=386"}],"wp:term":[{"taxonomy":"product_brand","embeddable":true,"href":"https:\/\/jatoba.ind.br\/index.php?rest_route=%2Fwp%2Fv2%2Fproduct_brand&post=386"},{"taxonomy":"product_cat","embeddable":true,"href":"https:\/\/jatoba.ind.br\/index.php?rest_route=%2Fwp%2Fv2%2Fproduct_cat&post=386"},{"taxonomy":"product_tag","embeddable":true,"href":"https:\/\/jatoba.ind.br\/index.php?rest_route=%2Fwp%2Fv2%2Fproduct_tag&post=386"}],"curies":[{"name":"wp","href":"https:\/\/api.w.org\/{rel}","templated":true}]}}